 highest common factor of a and x.
10
Suppose 2*d = -d + 5*h + 3, -3*h = -3*d + 9. What is the greatest common divisor of 9 and d?
3
Suppose h - 8 = 4*o, o + 3*o + 12 = 2*h. Suppose -2*y + 4*y + 146 = -h*w, 0 = 5*w - 3*y + 166. Let t = w - -51. What is the highest common divisor of 64 and t?
16
Let m be 30*(0 - 4/(-10)). Let z be m/9*30/4. Suppose 5*j - 520 + 120 = 0. Calculate the greatest common divisor of z and j.
10
Let m = 1 + -3. Let u(h) = h**2 - h - 1. Let d be u(m). Suppose 0 = n + 4*k + 19, -d*n + 2*k = 7*k + 20. What is the greatest common divisor of n and 5?
1
Let q(p) = p**2 - p + 2. Let r be 2/7 - 12/(-7). Let x be q(r). What is the greatest common factor of 4 and x?
4
Let j = 20 + 9. Suppose -i = -4*t + j, 5*i + 0 = -5. Let x(g) = 4*g - 10. Let q be x(t). Calculate the highest common divisor of q and 27.
9
Let b = -91 - -99. Calculate the greatest common factor of 40 and b.
8
Let u(a) = a**3 + 4*a**2 + a - 4. Let l be u(-3). Let q(d) = 7*d + 2. Let h be q(l). Calculate the highest common divisor of 32 and h.
16
Let a = 26 + -18. What is the greatest common divisor of 12 and a?
4
Let x = -9 - -11. Suppose x*z = 3*f - 5, -2*f + 5 = -z - 0. What is the greatest common divisor of 5 and f?
5
Suppose x = 2*x - 5. Suppose 3*j = 5*j. Let p = 5 - j. Calculate the highest common factor of x and p.
5
Suppose 0 = -5*f + y - 212, -2*y - 89 = 5*f + 132. Let s be 6 - 3 - (f + 1). Calculate the greatest common divisor of s and 18.
9
Suppose -t = -0*t. Suppose -14 = -h - t*h. Calculate the greatest common divisor of 2 and h.
2
Let r = 6 - 4. Let m = 0 - r. Let c(d) = d**3 + 4*d**2 + 3*d + 1. Let n be c(m). What is the highest common factor of 21 and n?
3
Let y be 2/(-12)*-3 - (-717)/6. What is the greatest common factor of y and 15?
15
Suppose 17 = -5*z - 3, -y - z = 1. Suppose 0 = -y*m - m + 48. Calculate the highest common factor of 84 and m.
12
Suppose -5*j + 40 = i + 3, -4*j = 2*i - 62. Calculate the highest common divisor of 216 and i.
27
Let j = -4 - -6. Let k be 13 + j + (-12)/4. Calculate the highest common divisor of k and 18.
6
Suppose -2 - 10 = 4*w. Let l be 22/w*(-3)/2. What is the highest common factor of 11 and l?
11
Let a(v) = -v**3 + 4*v**2 + v - 1. Let o be a(3). Suppose -8*d + 195 = -157. What is the greatest common factor of d and o?
11
Let f = 34 + -19. Let i = -256 - -361. Calculate the highest common divisor of i and f.
15
Suppose 4 = -3*y + 5*y. Let u be -2*18/(-12)*(-4)/(-6). Calculate the highest common factor of y and u.
2
Suppose -g + 3*g - 10 = 0. Suppose -g*p + 3*p + 10 = 0. Calculate the greatest common divisor of p and 35.
5
Suppose q = 2*z + z + 96, -308 = -3*q - z. Let i = -47 + q. Calculate the highest common divisor of i and 5.
5
Let q be 1/((16/20)/4). Let l(c) = 10*c - 5. Let v be l(q). What is the greatest common factor of v and 30?
15
Suppose 3*i - 2*y + 7544 = 0, -2*i - 4*y - 922 = 4102. Let t be 2/10 + i/(-30). Let k be 12*(-1 - 0 - -2). What is the greatest common factor of k and t?
12
Suppose 0 = -3*x - x. Suppose x = -2*b - 2*z + z - 34, -5*b + z = 92. Let i = -5 - b. What is the greatest common factor of 91 and i?
13
Suppose 9*t = -99 + 585. Calculate the greatest common factor of t and 36.
18
Let v = 60 - 36. Let s(r) = -r**3 + 6*r**2 - 4*r - 4. Let a(i) = -5*i - 1. Let y be a(-1). Let w be s(y). Calculate the greatest common factor of w and v.
12
Let n(z) = z**3 - 7*z**2 + 8*z - 1. Let b be n(6). Suppose b = -2*h - 5*x, 0 = 3*h + x - 8 - 8. What is the greatest common factor of h and 1?
1
Suppose 5*o - 2*t = 3*t + 45, t = -3. Suppose 5*k - 19 = o. Suppose 3 = -k*z - 2, -26 = -2*x + 2*z. What is the greatest common divisor of 36 and x?
12
Let r = -46 + 67. Let j = -11 + 18. Calculate the highest common divisor of r and j.
7
Suppose 15 = 3*v - 4*z - 0*z, 4*v - 5*z = 20. What is the highest common factor of 5 and v?
5
Let q(s) = 8*s**2 + 2*s - 3. Let u be q(2). Suppose -18 = i - 7*i. Calculate the highest common divisor of i and u.
3
Let h = 8 + -6. Let i = 12 - 7. Suppose -i*l + 87 = h*z + 2*z, 145 = 5*z - l. What is the highest common factor of 7 and z?
7
Suppose -3*p = -5*m + 3*m - 15, -4*m = -12. Calculate the highest common divisor of p and 49.
7
Let l(f) = -3*f**3 + 4*f**2 - f + 4. Let i be l(-4). What is the highest common factor of 33 and i?
33
Let s = 24 + -10. Suppose 4*j = -5*q + 6 + 16, -j + s = -3*q. Calculate the highest common divisor of j and 12.
4
Let v(m) = 29*m**2 + 9. Let q(d) = 10*d**2 + 3. Let b(w) = -17*q(w) + 6*v(w). Let h be b(3). What is the highest common divisor of h and 26?
13
Let n = -10 + 20. Let w be (-20)/(-3)*(-9)/(-2). What is the highest common factor of w and n?
10
Let a be 22/4 - 6/(-12). What is the greatest common divisor of a and 48?
6
Let u be 4 + -3 - (-4 + 1). Suppose -2*t - 2 = -3*j - 3*t, -4*j = t - u. What is the greatest common divisor of 16 and j?
2
Let m = 13 - 15. Let g be (275/(-33))/(m/6). What is the highest common factor of g and 5?
5
Suppose 2*t + 2*t = 280. Let b = 59 - 31. Calculate the highest common divisor of t and b.
14
Let o = -19 + 28. What is the greatest common factor of o and 6?
3
Let i = 10 - 6. Let w(o) = 2*o**2 + 11*o - 5. Let p be w(-11). Suppose 4*r - p = -i*c, 6*r = 4*c + r - 107. Calculate the highest common factor of c and 7.
7
Let m = -38 + 74. Suppose -5*a - 5 = 5*d, -5*d + 31 = -7*a + 3*a. Suppose 15 + d = 2*t. What is the highest common factor of m and t?
9
Let j = -1 + 2. Let k = j + -2. Let q(s) = -19*s + 1. Let y be q(k). What is the highest common factor of y and 8?
4
Let i = -52 - -114. Suppose 3*l + 316 = 2*m, 3*m + m + 5*l - 610 = 0. What is the greatest common factor of i and m?
31
Suppose 100 = 2*n + 3*n. Calculate the greatest common divisor of 2 and n.
2
Let n(c) = -3*c + 1. Let f = -9 - 4. Let x be n(f). Calculate the highest common divisor of x and 10.
10
Suppose -4*n - 3*q + 92 = 0, 4*n - 86 = 3*q - 18. Calculate the highest common factor of n and 140.
20
Let k = -51 - -56. Suppose 4*g + 4 + 4 = 0, 5*g + 150 = 4*b. What is the greatest common divisor of b and k?
5
Let r be 440/15 - (-2)/3. Let d(m) = m**2 - 5*m. Let h be d(6). What is the highest common divisor of r and h?
6
Let u(t) = -t**3 - 6*t**2 + 1. Let w be u(-6). Let o = w - 0. Calculate the highest common divisor of o and 1.
1
Suppose 0 = 2*f - 15 + 51. Let p = 30 + f. Let z(o) = -2*o + 1. Let h be z(-1). What is the greatest common factor of p and h?
3
Let y(s) = s**3 + 3*s**2 - 4*s - 3. Let w(k) = k - 8. Let b be w(6). Let j be y(b). Calculate the greatest common divisor of j and 9.
9
Let t(z) = z**2 - 10*z. Let i be t(9). Let j(m) = -m - 2. Let y be j(i). Calculate the highest common divisor of 14 and y.
7
Let m(n) = 2*n**2 - n - 17. Let x be m(9). Calculate the greatest common factor of x and 8.
8
Let q be 30/7 - 10/35. Suppose -q*m + m = -72. What is the highest common factor of m and 36?
12
Suppose m + 2*m - 6 = 0. Suppose -2*x + m*f + 16 = 0, -f + 26 = 3*x - 3*f. Calculate the highest common divisor of x and 110.
10
Let y = -55 - -97. What is the greatest common divisor of 7 and y?
7
Let q(t) = 36*t + 24. Let j be q(4). What is the highest common divisor of j and 48?
24
Let x(z) = -4*z + 4. Let k be x(-4). Let f = -10 + k. Calculate the greatest common divisor of f and 70.
10
Suppose -w = -4*h + 9, 0 = 4*w - 9*w + 3*h - 28. Let j = 9 + w. Suppose -j*b = 34 - 114. Calculate the greatest common divisor of 4 and b.
4
Suppose 0 = 3*o + 21. Let u(z) = -5*z**2 - 10*z**2 - 10 - 12*z**2 + 28*z**2 + 5*z. Let n be u(o). Calculate the highest common factor of 28 and n.
4
Let k be 7/(14/32) + 2. Let o = -6 - -6. Suppose o = 5*j - 62 - 163. Calculate the highest common factor of k and j.
9
Let f(z) = 2*z + 0 - 6*z - 5 + 3. Let t = -3 + 1. Let q be f(t). What is the highest common divisor of q and 24?
6
Suppose -4*c - 15 + 47 = -2*n, -6 = c - 4*n. Calculate the greatest common divisor of c and 70.
10
Let h be (-2)/4*(25/(-1) + -1). Calculate the highest common factor of h and 52.
13
Suppose 0 = -3*k + 4*f + 102, -k + 42 = -4*f - 0*f. Let r = -7 - -7. Let q = r + 15. What is the highest common divisor of q and k?
15
Let t be 102/27 + 2/9. Let q(b) = 2*b + 20. Let u be q(-9). Calculate the highest common factor of t and u.
2
Let j = 38 - 2. Let s = j - -24